lse
Is 35 a factor of 31782?
False
Does 2 divide 26?
True
Is 2782 a multiple of 22?
False
Is 11 a factor of 388?
False
Is 4 a factor of 27?
False
Is 2281 a multiple of 35?
False
Is 99 a factor of 6138?
True
Is 16 a factor of 25154?
False
Does 5 divide 1211?
False
Is 113 a factor of 8711?
False
Does 79 divide 137675?
False
Does 17 divide 5627?
True
Does 9 divide 104?
False
Does 68 divide 102272?
True
Is 8 a factor of 381?
False
Does 32 divide 3560?
False
Is 29 a factor of 8007?
False
Is 19 a factor of 20615?
True
Is 130 a factor of 5157?
False
Is 236 a factor of 66831?
False
Is 302 a multiple of 7?
False
Is 3 a factor of 861?
True
Does 36 divide 14464?
False
Does 79 divide 2184?
False
Is 44160 a multiple of 32?
True
Is 233 a multiple of 10?
False
Is 864 a multiple of 65?
False
Is 189 a multiple of 2?
False
Is 14 a factor of 12460?
True
Is 1675 a multiple of 36?
False
Is 98 a factor of 1654?
False
Is 74150 a multiple of 50?
True
Is 2 a factor of 217?
False
Is 14 a factor of 29913?
False
Does 16 divide 704?
True
Is 30 a factor of 1860?
True
Is 43812 a multiple of 19?
False
Is 7 a factor of 2017?
False
Is 115830 a multiple of 162?
True
Is 9143 a multiple of 26?
False
Is 191 a factor of 1719?
True
Is 139 a factor of 24859?
False
Does 14 divide 3329?
False
Is 52 a multiple of 6?
False
Is 18 a factor of 3557?
False
Is 122 a factor of 24191?
False
Is 221 a multiple of 13?
True
Is 15 a factor of 6885?
True
Does 17 divide 425?
True
Is 17 a factor of 816?
True
Is 220 a multiple of 5?
True
Is 195 a factor of 1679?
False
Is 6 a factor of 479?
False
Does 11 divide 399?
False
Is 83 a factor of 1988?
False
Is 50 a multiple of 3?
False
Is 6 a factor of 820?
False
Does 48 divide 960?
True
Is 65 a factor of 34204?
False
Is 31024 a multiple of 16?
True
Is 49 a factor of 263?
False
Is 5012 a multiple of 7?
True
Is 4 a factor of 17112?
True
Is 44 a factor of 20152?
True
Does 115 divide 14878?
False
Is 142120 a multiple of 440?
True
Does 197 divide 25610?
True
Is 850 a multiple of 17?
True
Is 1610 a multiple of 16?
False
Is 1110 a multiple of 15?
True
Is 10 a factor of 27960?
True
Is 606 a multiple of 101?
True
Is 58 a factor of 10740?
False
Does 89 divide 14067?
False
Is 18 even?
True
Is 35 a factor of 684?
False
Is 6384 a multiple of 456?
True
Is 36 a factor of 2952?
True
Is 21 a factor of 3108?
True
Is 1870 a multiple of 6?
False
Is 15 a factor of 19100?
False
Is 9 a factor of 639?
True
Does 10 divide 39690?
True
Is 9 a factor of 19858?
False
Is 3 a factor of 273?
True
Does 12 divide 1044?
True
Does 10 divide 406?
False
Does 16 divide 96?
True
Is 93 a factor of 53754?
True
Is 260 a factor of 7280?
True
Is 100313 a multiple of 364?
False
Does 26 divide 842?
False
Does 198 divide 44748?
True
Is 7548 a multiple of 74?
True
Does 7 divide 19767?
False
Is 22264 a multiple of 116?
False
Does 41 divide 22263?
True
Is 15365 a multiple of 15?
False
Is 11856 a multiple of 156?
True
Does 79 divide 1487?
False
Is 59 even?
False
Is 26 a factor of 5772?
True
Is 154445 a multiple of 79?
True
Is 3320 a multiple of 4?
True
Is 37435 a multiple of 27?
False
Does 14 divide 323?
False
Is 44 a factor of 3577?
False
Does 146 divide 26735?
False
Is 21 a factor of 81121?
False
Is 698 a multiple of 59?
False
Is 5 a factor of 293?
False
Is 443 a multiple of 5?
False
Is 95 a factor of 81605?
True
Does 73 divide 292?
True
Does 54 divide 15134?
False
Is 20463 a multiple of 19?
True
Is 60556 a multiple of 63?
False
Is 43484 a multiple of 14?
True
Is 31628 a multiple of 15?
False
Is 620 a multiple of 10?
True
Does 27 divide 999?
True
Is 1500 a multiple of 25?
True
Is 26 a factor of 4782?
False
Is 36 a factor of 5653?
False
Is 2240 a multiple of 16?
True
Is 8 a factor of 1616?
True
Does 46 divide 157550?
True
Does 24 divide 6528?
True
Does 29 divide 9416?
False
Does 22 divide 264?
True
Does 140 divide 36724?
False
Does 12 divide 45840?
True
Does 90 divide 450?
True
Is 2 a factor of 5617?
False
Is 59 a factor of 767?
True
Does 32 divide 1824?
True
Is 3456 a multiple of 97?
False
Does 40 divide 63746?
False
Is 26 a factor of 944?
False
Does 4 divide 55?
False
Is 264 a factor of 30096?
True
Is 59 a factor of 1534?
True
Does 5 divide 2814?
False
Is 7137 a multiple of 26?
False
Is 41664 a multiple of 84?
True
Is 9 a factor of 90?
True
Does 70 divide 1970?
False
Does 34 divide 1787?
False
Is 63 a factor of 1443?
False
Is 16 a factor of 64?
True
Does 126 divide 8175?
False
Is 41 a factor of 2671?
False
Is 34272 a multiple of 48?
True
Is 136 a factor of 5848?
True
Is 140 a multiple of 7?
True
Is 36 a factor of 1332?
True
Does 3 divide 600?
True
Is 187 a multiple of 14?
False
Is 1560 a multiple of 26?
True
Is 2647 a multiple of 2?
False
Does 12 divide 41063?
False
Is 15 a factor of 26760?
True
Is 59 a factor of 281?
False
Is 17 a factor of 574?
False
Is 53 a multiple of 6?
False
Is 315 a multiple of 20?
False
Is 31567 a multiple of 281?
False
Is 18 a factor of 487?
False
Does 18 divide 2815?
False
Is 437 a multiple of 8?
False
Is 1325 a multiple of 25?
True
Does 37 divide 48314?
False
Is 39 a factor of 507?
True
Is 16 a factor of 5328?
True
Is 537 a multiple of 4?
False
Is 6840 a multiple of 90?
True
Is 10370 a multiple of 85?
True
Does 36 divide 7380?
True
Is 3550 a multiple of 25?
True
Does 7 divide 1010?
False
Is 5299 a multiple of 119?
False
Does 9 divide 144?
True
Does 42 divide 630?
True
Does 3 divide 891?
True
Does 157 divide 2118?
False
Is 3646 a multiple of 12?
False
Is 675 a multiple of 15?
True
Is 11 a factor of 4873?
True
Is 1409 a multiple of 48?
False
Is 41 a multiple of 2?
False
Does 36 divide 1008?
True
Is 144 a multiple of 36?
True
Is 1596 a multiple of 12?
True
Does 16 divide 11584?
True
Does 14 divide 23646?
True
Is 20553 a multiple of 91?
False
Is 14595 a multiple of 35?
True
Is 13 a factor of 42629?
False
Does 152 divide 39024?
False
Is 1015 a multiple of 35?
True
Is 31611 a multiple of 148?
False
Is 8182 even?
True
Is 9016 a multiple of 98?
True
Is 2651 a multiple of 56?
False
Is 2139 a multiple of 11?
False
Is 12 a factor of 1092?
True
Is 5 a factor of 330?
True
Is 41 a factor of 18214?
False
Is 36 a factor of 110?
False
Is 11 a factor of 880?
True
Does 8 divide 28673?
False
Is 52 a factor of 6262?
False
Does 100 divide 948?
False
Does 112 divide 277?
False
Is 4103 a multiple of 4?
False
Is 3 a factor of 3296?
False
Is 3420 a multiple of 15?
True
Is 5 a factor of 80?
True
Is 6 a factor of 61?
False
Does 116 divide 28652?
True
Is 2713 even?
False
Does 30 divide 1491?
False
Is 13733 a multiple of 20?
False
Is 5 a factor of 1095?
True
Is 63 a factor of 567?
True
Is 8 a factor of 16368?
True
Is 42 a factor of 2226?
True
Does 113 divide 594?
False
Is 2691 a multiple of 13?
True
Does 84 divide 9996?
True
Is 6 a factor of 999?
False
Does 118 divide 35790?
False
Does 382 divide 121094?
True
Is 111 a factor of 4218?
True
Does 196 divide 20535?
False
Is 384 a multiple of 48?
True
Does 17 divide 13819?
False
Does 32 divide 736?
True
Does 10 divide 40762?
False
Does 5 divide 72?
False
Is 984 a multiple of 8?
True
Does 56 divide 13440?
True
Is 163 a factor of 8391?
False
Is 43 a factor of 3053?
True
Is 970 a multiple of 97?
True
Does 32 divide 3272?
False
Is 156 a multiple of 12?
True
Is 448 a multiple of 2?
True
Is 17 a factor of 320?
False
Is 15 a factor of 91965?
True
Is 9787 a multiple of 34?
False
Is 28 a multiple of 28?
True
Is 97579 a multiple of 59?
False
Is 623 a multiple of 43?
False
Is 85988 a multiple of 32?
False
Is 3648 a multiple of 32?
True
Is 83662 a multiple of 59?
True
Is 3826 a multiple of 55?
False
Does 23 divide 370?
False
Is 226 a factor of 7232?
True
Is 1490 a multiple of 23?
False
Does 2 divide 12580?
True
Is 18 a factor of 11412?
True
Is 5239 a multiple of 15?
False
Is 9 a factor of 712?
False
Is 134 a factor of 402?
True
Is 3 a factor of 7?
False
Does 20 divide 7580?
True
Does 43 divide 872?
False
Does 7 divide 116624?
False
Is 8 a factor of 3920?
True
Does 67 divide 3495?
False
Is 1467 a multiple of 9?
True
Is 2032 a multiple of 69?
False
Is 40 a multiple of 2?
True
Is 29 a factor of 57330?
False
Does 3 divide 42?
True
Is 316 a multiple of 79?
True
Is 22830 a multiple of 10?
True
Is 72 a factor of 25920?
True
Does 20 divide 2879?
False
Is 64 a factor of 704?
True